= -102 + 114. What is the tens digit of n?
1
Let j(g) = 2*g**3 - 4*g**2 - 4*g + 5. Let f be j(4). Suppose -3*q + 2*c + f = 0, 7*q - 2*q = -4*c + 59. What is the units digit of q?
5
Let a(u) be the first derivative of -6*u**2 + 4. What is the tens digit of a(-1)?
1
Suppose -3*t + t + 44 = -4*s, 3*t + 2*s = 98. What is the units digit of t?
0
Let d(w) = w**3 + w**2 + w + 6. Let b = -7 + 7. What is the units digit of d(b)?
6
Suppose 5*w = x - 15, -4*x + 0*w + 9 = -3*w. Let z be (9 - -2)*(1 - x). Suppose -5*j - 13 - 10 = -2*u, -u - 5*j - z = 0. What is the units digit of u?
4
Suppose 13 - 1 = 2*y - 2*z, 4*y - 18 = -2*z. What is the units digit of y?
5
Let o be (2 + -1)/(1/2). Suppose -y - 1 = o. What is the units digit of 1/y - 14/(-6)?
2
Let m = -4 + 7. Let i = 8 - m. Let p = i - 2. What is the units digit of p?
3
Let m(v) = v**3 - 12*v**2 - 14*v + 17. Let r be m(13). Let g(t) = t - 3. Let f be g(r). What is the units digit of -1*20*f/(-4)?
5
Suppose -4*p = -p + 6, -3*p + 4 = 5*k. Let o(l) = 20*l + 4. What is the units digit of o(k)?
4
Suppose 5*h - 4*n - 140 = 0, 3*h + 0*n - 84 = 5*n. What is the units digit of h?
8
Let c = 6 + -2. Suppose 3*a - c*q + 10 = 4*a, 5*q - 29 = -4*a. What is the units digit of a?
6
Let z = -1 - -6. Suppose 0*j - 5*y = 2*j - 9, 0 = y + z. What is the units digit of j?
7
Let m(z) be the second derivative of -z**4/12 - 4*z**3/3 - 7*z**2/2 + z. Let f be m(-7). Suppose 4*r = -v + 30, f*v - 6 = 3*v. What is the units digit of r?
8
Suppose 5*w = -9 - 11. What is the tens digit of (-3)/w - (-130)/8?
1
Let o(r) = -6*r - 1. Let p = -1 + 0. What is the units digit of o(p)?
5
Let k = -91 - -170. What is the units digit of k?
9
Let q = 59 - 18. What is the units digit of q?
1
Let o be 0 - (1 - -1) - -2. Let f = o - -2. Suppose m - 15 = -f*m. What is the units digit of m?
5
Suppose -4*j + 15 = 3*a, -3*a = 4*j - 6*j - 33. What is the units digit of a?
9
Let v be (-6)/(-5)*(-9 + -1). Let i = 5 - v. What is the units digit of i?
7
Let n(v) be the second derivative of v**5/20 + 5*v**4/12 - v**3/3 - 2*v**2 + v. Suppose -4*c - 5*d = 15, -3*c = c + 3*d + 17. What is the units digit of n(c)?
6
Let w be (0/(-2))/(-7 - -3). Let c = -53 + 91. Suppose c = -w*o + 2*o. What is the units digit of o?
9
Suppose 0 = -i - 0 + 2. Let z(r) = 5*r**2 + 3*r - 1. Let k be z(-3). Suppose -i*o - k = -7*o. What is the units digit of o?
7
Let r be (-2)/(-10) - 2/10. What is the tens digit of 2 + r - (-1 - 18)?
2
Suppose 212 = -10*a + 12*a. What is the tens digit of a?
0
Let c be 7/(-21)*-4*3. Suppose 9 + 6 = 3*k. Suppose -c*o - 9 = -k*o. What is the units digit of o?
9
Let o(y) = 10*y**2 + 7*y - 30. Let d(f) = -3*f**2 - 2*f + 10. Let u(a) = 7*d(a) + 2*o(a). What is the units digit of u(0)?
0
Let l = 87 - 62. What is the tens digit of l?
2
Let d(k) = 3 - k**2 + 1 - 4*k - k. Suppose 5 = -u - 0. What is the units digit of d(u)?
4
Let t be 29 + 0/1 - 1. Suppose -5*h = -t - 2. Suppose r + 2 = h. What is the units digit of r?
4
Suppose 0 = 4*u - 2*v - 3*v - 4, -u = -2*v - 1. Let j be 3 + 1 + u + -2. Suppose 0 = -2*b - j*b + 10. What is the units digit of b?
2
Suppose -4*x + 7 = -5. Let i(q) = q**3 - 2*q**2 - 3*q + 4. Let f be i(x). Suppose -2*v = m - f, 2*m - v = -m + 33. What is the tens digit of m?
1
Suppose -q = 4*w - 33, 0 = -5*q + w - 0*w + 165. What is the tens digit of q?
3
Let j(y) = 4*y + 4. What is the tens digit of j(7)?
3
What is the units digit of (-1)/1*(0 - 33)?
3
Let s(y) = -4*y - 3. Let i be 3*-2 + 0/2. What is the units digit of s(i)?
1
Suppose 5*w = -0*w + 40. Suppose -5*d - 2 = w, -3*r + 2*d + 58 = 0. What is the units digit of r?
8
Let a(y) = -27*y - 8. What is the tens digit of a(-3)?
7
Suppose 0 = -3*c + 12 - 3. Let h = -13 + 22. Let l = c + h. What is the tens digit of l?
1
Let g(p) = 9*p - 5. What is the units digit of g(6)?
9
Let n(t) = 8*t + 7 - 8*t**2 - 18*t + 3 + 0*t**2 + t**3. What is the units digit of n(9)?
1
Let k = -271 - -445. What is the tens digit of k?
7
Suppose -z + 94 = 5*d, -5*d + z = -d - 77. What is the units digit of d?
9
Let b be 244/(-16) - 6/8. Let k = 10 - 9. What is the units digit of (-8)/4 - b/k?
4
Let w(s) = -s - 3. Let o be w(-6). Suppose 5*k + g - 57 = 2*g, 2*g + 30 = o*k. What is the tens digit of k?
1
Let y(d) = d**2 + 12*d + 16. Suppose -18 + 8 = w - i, 3*i + 3 = 0. Let h be y(w). Suppose -3*t - 30 = -g - 10, h*g + 5*t = 100. What is the tens digit of g?
2
Let h = -3 - -5. Suppose 3*s + j - 4 = 0, 4*j + 15 = s - 8. Let x = s - h. What is the units digit of x?
1
Let n(o) = -19*o + 2. Let x be n(-2). Let l = x - 18. Suppose i = -i + l. What is the tens digit of i?
1
Suppose 2*x = -2*x. Suppose x*l = -3*l + 15. What is the units digit of l?
5
Let d(f) = -f**3 - 5*f**2 + 7*f + 8. Let y(j) = j**3 - 5*j**2 + 3*j + 3. Let l be y(3). Let z be d(l). What is the units digit of z/(0 + 2) + 1?
2
Let f(c) = -3*c**3 - 5*c**2 - c - 1. Let j be f(-4). Suppose -4*b + j = b. What is the units digit of b?
3
Let n(p) = -p**2 + 13*p - 12. Suppose -3*b + 23 = -4. What is the tens digit of n(b)?
2
Let q = 4 - -1. Suppose z - q*z + x = -104, z - 31 = -x. What is the tens digit of z?
2
What is the tens digit of 394/10 - (-2)/(-5)?
3
Suppose 3*q = c + 4*c + 183, -q = 5*c - 81. What is the tens digit of q?
6
Suppose 4*k + 59 = 5*i, 6 = 4*i + 3*k - 66. What is the units digit of i?
5
What is the units digit of ((-3)/2)/((-10)/2940)?
1
Suppose -12 = 3*i, 2*i = -v - 0*v + 2. What is the tens digit of v?
1
Suppose -3*d + 6 = -27. Suppose 0 = x - 5*p - 6 - 5, d = x + 5*p. Suppose 2*v - 2*z - 5 - x = 0, 3*z = -3*v + 12. What is the units digit of v?
6
Let j(c) = -c + 6 + 1 - 1 - 2. Let o be j(0). Suppose h + o*m - 36 = -h, -4*h + 44 = m. What is the tens digit of h?
1
Let q = 40 + 30. What is the tens digit of q?
7
Let v(w) = 5*w - 20. What is the tens digit of v(7)?
1
Suppose -4*a + 2*q = 10 - 40, -4*q - 20 = 0. Suppose a*n - 44 = 21. What is the tens digit of n?
1
Suppose 5*v = 36 - 11, -5*v = -3*c + 188. What is the units digit of c?
1
Let s be -3*-3*(-30)/27. What is the units digit of 80/25*s/(-4)?
8
Suppose -b - 4*d = 0, -5*b + d = -0*d. Suppose 4*t + b*t = 5*z + 36, 5*t = 4*z + 36. What is the units digit of 2*(-14)/z - 0?
7
Suppose -172 = 9*o - 11*o. What is the tens digit of o?
8
Let l = 4 + 0. What is the units digit of l?
4
What is the tens digit of ((-1125)/(-6))/(-5)*-10?
7
Let a(w) = -w**2 - 4*w. Let p be a(-3). Suppose 0*h = -2*g + h + 12, 3*g = -p*h + 9. What is the units digit of g?
5
Let k(b) = 2*b**3 - 6*b**2 - 3*b - 19. What is the units digit of k(7)?
2
Let w(x) = 2*x**2 - 17*x + 26. What is the tens digit of w(8)?
1
Let z(s) = s - 8. What is the units digit of z(9)?
1
Let c(y) = y + 12. Let q(v) = -v - 1. Let h(s) = c(s) + 2*q(s). Let f be (9/5)/((-12)/(-40)). What is the units digit of h(f)?
4
Suppose 3*b - 2*b - 1 = 0. Let k = b + 11. What is the tens digit of k?
1
Suppose -2124 = -16*u + 7*u. What is the units digit of u?
6
Let y be 38/6 + (-2)/(-3). Let z = 17 - y. What is the units digit of z?
0
Suppose -5*z - 622 = -5*r + 103, -5*r + 721 = -4*z. What is the units digit of r?
1
Let o be (-1)/((-3)/6) + 2. Suppose 2*y + 4*p = -3*y + 18, 3*y + o*p = 14. What is the units digit of y?
2
Let u(d) = 35*d**2 - 2. What is the units digit of u(-2)?
8
Let d be (-1)/(-5) + (-70)/(-25). What is the units digit of d/(-1)*26/(-3)?
6
Suppose h - 17 = -0*h. What is the units digit of h?
7
What is the hundreds digit of 15*(-4)/(-12) - -167?
1
Let l(s) = -s**2 + 16. Suppose 0 = 6*y - 3*y. Let m be -1*(-2 + 1)*y. What is the tens digit of l(m)?
1
Let x = -17 - -60. Let n = 62 - x. What is the tens digit of n?
1
Suppose 4*f - 129 - 51 = 0. Suppose -4*y - 3 = s - 2*y, 0 = -5*s + 5*y + f. Suppose -n = o - 5, 0 = o - 4*o + s*n - 17. What is the units digit of o?
1
Suppose -4*d + 0*y + 6 = -5*y, -5*y + 6 = -d. Let f = -1 + d. Let t = 0 + f. What is the units digit of t?
3
Let j(i) = i**3 + 14*i**2 + 11*i - 4. Let x be j(-13). Let w(a) = 3*a + 2. Let g be w(-4). Let u = g + x. What is the units digit of u?
2
What is the units digit of (-69)/(((-9)/6)/1)?
6
Let s = -10 - -15. What is the units digit of s?
5
Let l be ((-12)/10)/((-1)/5). Suppose -5 = -d - 3. Suppose d - l = -u. What is the units digit of u?
4
Let f(g) = 8*g - 35. What is